{"id":266,"date":"2023-12-31T11:04:59","date_gmt":"2023-12-31T11:04:59","guid":{"rendered":"https:\/\/www.krohconsulting.cz\/?page_id=266"},"modified":"2024-01-02T10:47:02","modified_gmt":"2024-01-02T10:47:02","slug":"aktualni-komentare-vnitrni-politika","status":"publish","type":"page","link":"https:\/\/www.krohconsulting.cz\/?page_id=266","title":{"rendered":"Aktu\u00e1ln\u00ed koment\u00e1\u0159e    vnit\u0159n\u00ed politika a ekonomika"},"content":{"rendered":"\n<figure class=\"wp-block-embed is-type-video is-provider-youtube wp-block-embed-youtube wp-embed-aspect-16-9 wp-has-aspect-ratio\"><div class=\"wp-block-embed__wrapper\">\n<iframe loading=\"lazy\" title=\"30. prosince 2023\" width=\"500\" height=\"281\" src=\"https:\/\/www.youtube.com\/embed\/w7DONcdvaIg?feature=oembed\" frameborder=\"0\" allow=\"accelerometer; autoplay; clipboard-write; encrypted-media; gyroscope; picture-in-picture; web-share\" referrerpolicy=\"strict-origin-when-cross-origin\" allowfullscreen><\/iframe>\n<\/div><\/figure>\n\n\n\n<figure class=\"wp-block-embed is-type-video is-provider-youtube wp-block-embed-youtube wp-embed-aspect-16-9 wp-has-aspect-ratio\"><div class=\"wp-block-embed__wrapper\">\n<iframe loading=\"lazy\" title=\"Koment\u00e1\u0159 k novoro\u010dn\u00edmu projevu prezidenta republiky\" width=\"500\" height=\"281\" src=\"https:\/\/www.youtube.com\/embed\/kmgJ_FqBkOE?feature=oembed\" frameborder=\"0\" allow=\"accelerometer; autoplay; clipboard-write; encrypted-media; gyroscope; picture-in-picture; web-share\" referrerpolicy=\"strict-origin-when-cross-origin\" allowfullscreen><\/iframe>\n<\/div><\/figure>\n\n\n\n<p><\/p>\n","protected":false},"excerpt":{"rendered":"","protected":false},"author":2,"featured_media":0,"parent":0,"menu_order":0,"comment_status":"closed","ping_status":"closed","template":"","meta":{"om_disable_all_campaigns":false,"_monsterinsights_skip_tracking":false,"_monsterinsights_sitenote_active":false,"_monsterinsights_sitenote_note":"","_monsterinsights_sitenote_category":0,"_uf_show_specific_survey":0,"_uf_disable_surveys":false,"footnotes":""},"class_list":["post-266","page","type-page","status-publish","hentry"],"aioseo_notices":[],"_links":{"self":[{"href":"https:\/\/www.krohconsulting.cz\/index.php?rest_route=\/wp\/v2\/pages\/266","targetHints":{"allow":["GET"]}}],"collection":[{"href":"https:\/\/www.krohconsulting.cz\/index.php?rest_route=\/wp\/v2\/pages"}],"about":[{"href":"https:\/\/www.krohconsulting.cz\/index.php?rest_route=\/wp\/v2\/types\/page"}],"author":[{"embeddable":true,"href":"https:\/\/www.krohconsulting.cz\/index.php?rest_route=\/wp\/v2\/users\/2"}],"replies":[{"embeddable":true,"href":"https:\/\/www.krohconsulting.cz\/index.php?rest_route=%2Fwp%2Fv2%2Fcomments&post=266"}],"version-history":[{"count":6,"href":"https:\/\/www.krohconsulting.cz\/index.php?rest_route=\/wp\/v2\/pages\/266\/revisions"}],"predecessor-version":[{"id":318,"href":"https:\/\/www.krohconsulting.cz\/index.php?rest_route=\/wp\/v2\/pages\/266\/revisions\/318"}],"wp:attachment":[{"href":"https:\/\/www.krohconsulting.cz\/index.php?rest_route=%2Fwp%2Fv2%2Fmedia&parent=266"}],"curies":[{"name":"wp","href":"https:\/\/api.w.org\/{rel}","templated":true}]}}